it of 1842133058?
8
What is the hundred thousands digit of 189693095?
6
What is the thousands digit of 2352429621?
9
What is the millions digit of 10488685?
0
What is the thousands digit of 56656643?
6
What is the hundreds digit of 4538193?
1
What is the ten millions digit of 5116420462?
1
What is the millions digit of 64591607?
4
What is the hundred thousands digit of 36659997?
6
What is the millions digit of 6828540916?
8
What is the tens digit of 58099586?
8
What is the millions digit of 47517628?
7
What is the hundreds digit of 158600458?
4
What is the ten millions digit of 95897230?
9
What is the ten thousands digit of 22767668?
6
What is the tens digit of 7969332?
3
What is the hundreds digit of 2811420725?
7
What is the hundreds digit of 52411341?
3
What is the ten millions digit of 839325035?
3
What is the hundreds digit of 329902732?
7
What is the tens digit of 140475841?
4
What is the ten millions digit of 131092875?
3
What is the tens digit of 193629058?
5
What is the hundreds digit of 1197793966?
9
What is the tens digit of 1505098101?
0
What is the ten millions digit of 861067800?
6
What is the ten millions digit of 2225205908?
2
What is the ten millions digit of 28148186?
2
What is the hundred thousands digit of 3910482?
9
What is the hundred millions digit of 160634223?
1
What is the units digit of 212708816?
6
What is the hundreds digit of 42528920?
9
What is the ten millions digit of 12691252?
1
What is the hundred thousands digit of 42039497?
0
What is the units digit of 1055634466?
6
What is the ten millions digit of 5742362736?
4
What is the hundred thousands digit of 118299294?
2
What is the ten millions digit of 87705376?
8
What is the tens digit of 218467364?
6
What is the hundred thousands digit of 32216228?
2
What is the thousands digit of 123867846?
7
What is the millions digit of 611927581?
1
What is the tens digit of 56794303?
0
What is the thousands digit of 206745903?
5
What is the units digit of 2857974385?
5
What is the ten thousands digit of 87152073?
5
What is the hundreds digit of 1833524519?
5
What is the millions digit of 74040229?
4
What is the tens digit of 619684730?
3
What is the hundreds digit of 523072522?
5
What is the hundred millions digit of 321629189?
3
What is the ten thousands digit of 119311206?
1
What is the ten millions digit of 1146187234?
4
What is the tens digit of 1552359762?
6
What is the hundreds digit of 385658557?
5
What is the hundred millions digit of 550119830?
5
What is the millions digit of 26475887?
6
What is the billions digit of 3354901958?
3
What is the thousands digit of 10109058?
9
What is the hundreds digit of 229364023?
0
What is the ten thousands digit of 181558879?
5
What is the hundreds digit of 113833139?
1
What is the thousands digit of 568098124?
8
What is the hundred thousands digit of 76879806?
8
What is the millions digit of 157579566?
7
What is the millions digit of 827992630?
7
What is the units digit of 853824245?
5
What is the thousands digit of 60178969?
8
What is the thousands digit of 71609450?
9
What is the hundred thousands digit of 393973761?
9
What is the tens digit of 44635400?
0
What is the thousands digit of 584145389?
5
What is the millions digit of 375003948?
5
What is the ten millions digit of 911791982?
1
What is the ten millions digit of 4268195307?
6
What is the units digit of 227508449?
9
What is the tens digit of 1854410?
1
What is the tens digit of 599006557?
5
What is the thousands digit of 477589482?
9
What is the ten millions digit of 274023837?
7
What is the units digit of 884226501?
1
What is the millions digit of 4107994696?
7
What is the ten thousands digit of 2874582020?
8
What is the hundred thousands digit of 327377324?
3
What is the millions digit of 7093582065?
3
What is the hundreds digit of 105402486?
4
What is the units digit of 4067555629?
9
What is the ten thousands digit of 44343636?
4
What is the thousands digit of 12195647?
5
What is the billions digit of 4904195474?
4
What is the ten millions digit of 11218220?
1
What is the units digit of 216341110?
0
What is the tens digit of 345830063?
6
What is the thousands digit of 90025845?
5
What is the hundred thousands digit of 86670767?
6
What is the hundred thousands digit of 47922202?
9
What is the ten millions digit of 135751820?
3
What is the hundred thousands digit of 35668194?
6
What is the hundreds digit of 135957813?
8
What is the hundreds digit of 70657886?
8
What is the units digit of 360515777?
7
What is the hundred thousands digit of 109215302?
2
What is the millions digit of 24103344?
4
What is the hundreds digit of 44235506?
5
What is the ten thousands digit of 888118?
8
What is the units digit of 18563833?
3
What is the hundred millions digit of 359410399?
3
What is the ten thousands digit of 2626865984?
6
What is the ten thousands digit of 111460751?
6
What is the thousands digit of 297903161?
3
What is the ten thousands digit of 65767809?
6
What is the hundreds digit of 21738168?
1
What is the units digit of 532120895?
5
What is the ten thousands digit of 30183944?
8
What is the hundreds digit of 11768469?
4
What is the millions digit of 408028568?
8
What is the ten millions digit of 207813307?
0
What is the millions digit of 450573335?
0
What is the millions digit of 44960041?
4
What is the thousands digit of 18734728?
4
What is the ten thousands digit of 936827604?
2
What is the ten thousands digit of 3867150922?
5
What is the hundred thousands digit of 38564635?
5
What is the hundred millions digit of 125250932?
1
What is the tens digit of 1312213039?
3
What is the tens digit of 1100214215?
1
What is the hundred thousands digit of 129341996?
3
What is the ten thousands digit of 6060215749?
1
What is the thousands digit of 97433295?
3
What is the hundreds digit of 2221434584?
5
What is the ten millions digit of 21541445?
2
What is the tens digit of 2262858258?
5
What is the hundred millions digit of 571968729?
5
What is the hundred thousands digit of 427134340?
1
What is the hundreds digit of 12830851?
8
What is the thousands digit of 1492211077?
1
What is the hundred millions digit of 173815373?
1
What is the units digit of 19433621?
1
What is the thousands digit of 91091108?
1
What is the hundred thousands digit of 1382081310?
0
What is the thousands digit of 385939657?
9
What is the hundreds digit of 63845520?
5
What is the tens digit of 8658501?
0
What is the hundred thousands digit of 102816975?
8
What is the hundred millions digit of 190806042?
1
What is the thousands digit of 2079501599?
1
What is the billions digit of 1070721333?
1
What is the hundred thousands digit of 205532334?
5
What is the ten thousands digit of 1130546042?
4
What is the hundreds digit of 210784100?
1
What is the units digit of 293589578?
8
What is the thousands digit of 93144716?
4
What is the hundreds digit of 101509902?
9
What is the units digit of 1686562567?
7
What is the tens digit of 949596411?
1
What is the ten millions digit of 298630254?
9
What is the thousands digit of 92279493?
9
What is the ten thousands digit of 53017309?
1
What is the ten millions digit of 155575837?
5
What is the hundreds digit of 27895000?
0
What is the thousands digit of 1207956409?
6
What is the ten millions digit of 2052308084?
5
What is the millions digit of 54923837?
4
What is the hundred thousands digit of 443344072?
3
What is the ten thousands digit of 1895129443?
2
What is the tens digit of 112865974?
7
What is the thousands digit of 96654749?
4
What is the thousands digit of 902203418?
3
What is the units digit of 31386504?
4
What is the tens digit of 422506127?
2
What is the ten millions digit of 46305539?
4
What is the millions digit of 2056777258?
6
What is the tens digit of 182985712?
1
What is the billions digit of 1652950411?
1
What is the thousands digit of 103086833?
6
What is the hundred thousands digit of 2204674724?
6
What is the units digit of 187357026?
6
What is the hundred thousands digit of 1620579821?
5
What is the ten thousands digit of 114794960?
9
What is the hundreds digit of 181215133?
1
What is the ten thousands digit of 50975424?
7
What is the millions digit of 30864363?
0
What is the hundred millions digit of 142008359?
1
What is the billions digit of 711